= -48. Suppose -5*m + 175 = 5*g, 55 = 3*g + 2*m - l. Calculate the highest common factor of 56 and g.
7
Let c(s) = -11*s - 9. Let j be c(-6). Let f = -30 + j. Suppose 5*p + 3*o = 172 - 82, 0 = 5*p - 2*o - 90. What is the greatest common factor of f and p?
9
Let r(k) = -1185*k - 6974. Let g be r(-6). Suppose 0*m = -3*m + 120. Calculate the highest common divisor of m and g.
8
Let s be 16770/60 - (-3)/2. Suppose 286*g - 670 = s*g. Calculate the highest common factor of g and 2.
2
Let b be 1092/(-117)*15/(-4) - 5. What is the highest common factor of 465 and b?
15
Let g(f) = 14*f**2 + 14*f. Let n be (-2 - -1)/(3/12). Let t be g(n). Let p be 12504/t + (-4)/(-7). What is the greatest common divisor of p and 15?
15
Let c = 29947 - 29732. What is the highest common factor of c and 1548?
43
Let n be 0/(28/(-4) + 9). Suppose n = 7*w - 916 - 2318. What is the greatest common divisor of w and 84?
42
Let g be 3/15*14*(1387 - 82). What is the greatest common factor of 36 and g?
18
Let g(f) = 17*f**2 + 209*f + 20. Let l be g(-13). What is the highest common factor of 484 and l?
44
Let q = 4989 + -4194. Calculate the highest common factor of q and 15.
15
Let c(q) = -q**3 + 46*q**2 + 203*q - 145. Let k be c(50). Calculate the greatest common divisor of k and 405.
5
Let y = -178 + 214. Calculate the highest common factor of 108 and y.
36
Let y be (-10)/12*9/(-10)*-16. Let j(c) = -12*c + 10. Let k be j(y). Suppose -2*s = 9*s - k. Calculate the highest common divisor of s and 21.
7
Suppose 2*v + 4*x - 1542 = 0, 191*v - 3870 = 186*v - 5*x. What is the highest common factor of v and 987?
21
Let g be 18/(-108) - 74/(-12). Let z be (-408)/(-18) + ((-4)/g)/1. Calculate the highest common factor of 286 and z.
22
Suppose 608 + 46 = o + 5*s, 4*s = o - 708. Calculate the greatest common divisor of 11115 and o.
171
Let z be (-2*5/30)/(1/(-3705)). Suppose -z = 131*t - 144*t. Calculate the highest common factor of t and 10.
5
Suppose -2*v + 106 = 3*i, -i + 177*v + 31 = 182*v. What is the highest common divisor of 7101 and i?
9
Suppose -9*h = 3*u - 13*h - 831, 3*u = 3*h + 834. Suppose 4*l - u = -21. Calculate the highest common divisor of 5 and l.
5
Suppose 8*r - 48 = 592. Let d be (-30)/(-5)*r/12. Calculate the greatest common factor of 4 and d.
4
Let v be ((-2)/4*0)/1. Suppose -4*w + 0*w - 4 = v, 2*w = -5*n - 2. Let p be -2 + (-15)/(-3) + 2 + n. What is the greatest common divisor of 45 and p?
5
Suppose 400 = 7*s + s. Suppose 3*p - m + 15 = 2*m, -m + 21 = -5*p. Let k be ((-50)/35)/(p/28). Calculate the greatest common factor of k and s.
10
Let l be 144/(-10)*10/(-1). Let w(s) = s**3 - 13*s**2 + 4*s - 43. Let y be w(13). Let o be 6*(-5 + 69/y). Calculate the highest common factor of l and o.
16
Suppose 3*k - 541 = -3*l - l, -2*l = -4*k + 692. Let n be 141/4 - (-1)/(-4). What is the greatest common divisor of k and n?
35
Let q(n) = -285*n - 6864. Let r be q(-31). Calculate the greatest common divisor of 1241 and r.
73
Let b(z) = -z**3 + 5*z**2 - 7*z + 12. Let g be b(4). Suppose g*s = -3*s + 237. Suppose 57 + s = 2*h. Calculate the greatest common divisor of 17 and h.
17
Let o = -33 - -55. Let u be 7077/21 - (-4)/3*27/9. What is the highest common divisor of u and o?
11
Suppose 0 = 2*j - 2*m - 30, 3*j + 3 = m + 46. Suppose -2*s = 3*a - 45, 15*s = j*s. What is the greatest common factor of 30 and a?
15
Suppose 0 = -27*w - 9 - 18. Let s be w + 1 + (10 - (2 - 23)). Calculate the highest common divisor of 837 and s.
31
Let z be (1/(-3))/((-17)/1071). Calculate the highest common divisor of 189 and z.
21
Let z(a) = -4*a + 95. Let u be z(14). Suppose u*h = 43*h - 212. Calculate the highest common factor of 477 and h.
53
Let o(i) = 3*i - 29. Let p be o(13). Let n(j) = j**3 - 11*j**2 + 11*j. Let c be n(p). Let u = c - -16. Calculate the greatest common factor of 39 and u.
13
Suppose 3*h + 2 = -v + 168, 0 = 5*h - v - 282. Let n(t) = 1763*t - 73094. Let u be n(42). Calculate the greatest common divisor of h and u.
56
Let d(o) = -2*o - 19. Let c be d(-10). Let v be (c - -1)*-2 - (-9 - 0). Let a be v - 3*8/(-12). Calculate the highest common divisor of 35 and a.
7
Let j(s) = 2*s**3 - 7*s**2 + 4*s + 4. Let r be j(4). Suppose -r*w = -29*w - 112. Calculate the highest common divisor of 56 and w.
8
Suppose 3*m - 5*q - 340 = 0, -359 - 113 = -4*m + 2*q. Let u(v) = -10*v**3 + 69*v**2 + 13*v + 18. Let b be u(7). What is the highest common divisor of m and b?
60
Let d be (-4)/(-6) - 70/(-30) - 3. Suppose d*f = -6*f - 150. Let m be 5/(f/20) + 16. What is the greatest common factor of m and 132?
12
Suppose -g + 13 = 2*i - 13, 108 = 4*g + 4*i. Let v = 33 + -19. What is the greatest common factor of v and g?
14
Let z = 560 + -332. Let w = 255 - z. What is the highest common divisor of 216 and w?
27
Let f(s) = -s**3 - 4*s**2 - 3*s. Let b be f(-3). Suppose 3*l - 2*l - 32 = b. Let t be 148*1 - (4 + 1 + -1). Calculate the highest common divisor of l and t.
16
Let f(a) = 4*a - 3. Let h be f(2). Suppose 38*z - 37*z = 55. Suppose h = -5*v + z. Calculate the greatest common divisor of v and 15.
5
Suppose -1415 - 1081 = -16*o. Let s = 30 - 18. What is the greatest common factor of o and s?
12
Suppose -7*t - 15 = -4*t, 6875 = 2*g - t. Calculate the highest common factor of 15 and g.
15
Suppose 5*d + 5*f = 1555 - 20, -5*d - 3*f + 1521 = 0. Calculate the greatest common divisor of d and 96.
12
Suppose 2*n + 3*l - 3 = 48, -2*n - 4*l = -56. Calculate the greatest common divisor of 264 and n.
6
Suppose 24 - 27 = -3*x. Let b be (4/x + -1)/(6/(-2)). Let u be b/(2/(-8) + 20/144). What is the highest common factor of u and 63?
9
Suppose 3*x = 143 + 1477. Suppose -32*h + x = -5*h. What is the greatest common divisor of 520 and h?
20
Let u(i) = 8*i**2 - 10*i - 8. Let s be u(-1). Let b be 0 + 176 + -4 + s + -2. What is the highest common divisor of 24 and b?
12
Suppose 5*c - 5*d + 445 = 0, 221 = -3*c - 4*d - 11. Let f be (7/c*8)/(2/(-507)). Calculate the highest common divisor of 26 and f.
13
Let y(t) = -474*t - 2592. Let w be y(-12). Calculate the greatest common factor of w and 36.
36
Let t = 8327 + 63520. What is the greatest common divisor of t and 81?
81
Suppose 0 = 3*r - 40 - 5. Suppose -h - 3*k + 21 = 0, -3*k + 111 = -3*h + 7*h. Calculate the highest common divisor of r and h.
15
Let m = -425 + 599. Let f = m - 131. What is the highest common factor of 473 and f?
43
Suppose -910 - 909 = -107*q. Suppose -3*a - a + 267 = r, -4*a - 3*r = -257. What is the highest common divisor of a and q?
17
Let o(s) = -8*s + 162. Suppose -103 - 5 = -6*l. Let a be o(l). What is the highest common factor of 234 and a?
18
Let x be (1446/(-60) - (-10)/(-25))*-4. Calculate the greatest common factor of 4060 and x.
14
Let t = -5965 + 7434. Calculate the greatest common factor of t and 39.
13
Suppose -v = -4*w + 27076, 5*w + 5*v = 42014 - 8144. What is the highest common divisor of 10 and w?
10
Suppose -7*f + 297 - 15 = -222. What is the greatest common factor of f and 1467?
9
Let s(z) = 2841*z**2 - 29*z - 9. Let h be s(-2). Calculate the highest common factor of 113 and h.
113
Let u = 58 + -28. Let i(p) = 3*p - 31. Let l(h) = -7*h + 108. Let n be l(13). Let v be i(n). What is the greatest common factor of v and u?
10
Let c = 194 + -78. Let b be 9/3 - c/(-4). What is the highest common divisor of b and 160?
32
Suppose 2*t + 4687 = u, 2*t - 10175 - 8633 = -4*u. Calculate the greatest common factor of 254 and u.
127
Let l = -260 - -265. Suppose 0 = -l*v + 3*v + 26. What is the greatest common divisor of 468 and v?
13
Let k = -211 + 211. Suppose k = y - r - 99, 8*y + r = 3*y + 495. What is the highest common divisor of y and 44?
11
Suppose -7*l + 1024 - 2802 = 0. Let b = 277 + l. What is the highest common factor of 1081 and b?
23
Let m be (-3 + 2)*(9 - 47). Suppose -121*k + 33*k = -11704. Calculate the greatest common factor of m and k.
19
Suppose -2*q - 844 = -3*h, -880 = -3*h + 5*q - 57. What is the highest common factor of h and 481?
13
Let m = 56 + -46. Suppose -m = 9*s - 64. Suppose 4*n - 105 = -n. What is the greatest common factor of s and n?
3
Suppose 2*a - 5*t = a + 5, 0 = 4*a + 4*t - 140. Let d = 1528 + -1468. Calculate the greatest common divisor of a and d.
30
Let s be (-15 + 13)/(1/(-8)). Calculate the highest common diviso